is the units digit of 187569?
9
What is the thousands digit of 6520897?
0
What is the thousands digit of 319438?
9
What is the thousands digit of 1256867?
6
What is the hundreds digit of 19614296?
2
What is the thousands digit of 13727?
3
What is the thousands digit of 198426?
8
What is the hundreds digit of 1585819?
8
What is the hundred thousands digit of 4720426?
7
What is the thousands digit of 1123824?
3
What is the millions digit of 2276852?
2
What is the millions digit of 3919015?
3
What is the hundreds digit of 1911731?
7
What is the units digit of 4791967?
7
What is the units digit of 8567426?
6
What is the hundreds digit of 607443?
4
What is the tens digit of 30251882?
8
What is the thousands digit of 202426?
2
What is the units digit of 177926?
6
What is the tens digit of 378031?
3
What is the hundred thousands digit of 1826584?
8
What is the tens digit of 4448181?
8
What is the units digit of 8603156?
6
What is the hundred thousands digit of 198610?
1
What is the thousands digit of 1689265?
9
What is the units digit of 385763?
3
What is the hundreds digit of 42285?
2
What is the tens digit of 177970?
7
What is the thousands digit of 5938?
5
What is the millions digit of 2838764?
2
What is the ten millions digit of 26827269?
2
What is the hundred thousands digit of 9474207?
4
What is the ten millions digit of 18008256?
1
What is the hundreds digit of 451876?
8
What is the thousands digit of 110556?
0
What is the hundreds digit of 78340?
3
What is the ten thousands digit of 2766457?
6
What is the tens digit of 1423657?
5
What is the hundreds digit of 306758?
7
What is the ten thousands digit of 46843?
4
What is the thousands digit of 97094?
7
What is the ten thousands digit of 78823?
7
What is the thousands digit of 356966?
6
What is the millions digit of 4011130?
4
What is the ten millions digit of 21177243?
2
What is the hundred thousands digit of 6203312?
2
What is the hundreds digit of 2352098?
0
What is the ten thousands digit of 3655320?
5
What is the hundred thousands digit of 248200?
2
What is the tens digit of 104063?
6
What is the tens digit of 19823059?
5
What is the tens digit of 107476?
7
What is the thousands digit of 218796?
8
What is the hundred thousands digit of 301390?
3
What is the tens digit of 1281665?
6
What is the tens digit of 259163?
6
What is the thousands digit of 250086?
0
What is the hundred thousands digit of 325377?
3
What is the units digit of 214175?
5
What is the hundreds digit of 127911?
9
What is the hundreds digit of 1671233?
2
What is the units digit of 14893055?
5
What is the ten thousands digit of 464433?
6
What is the units digit of 253930?
0
What is the millions digit of 1517854?
1
What is the millions digit of 7237254?
7
What is the ten thousands digit of 11250546?
5
What is the tens digit of 29133681?
8
What is the hundreds digit of 320641?
6
What is the tens digit of 578816?
1
What is the hundreds digit of 614924?
9
What is the ten thousands digit of 587471?
8
What is the thousands digit of 111960?
1
What is the thousands digit of 281437?
1
What is the ten thousands digit of 2590538?
9
What is the hundreds digit of 10270432?
4
What is the thousands digit of 485115?
5
What is the units digit of 1053848?
8
What is the ten thousands digit of 13299648?
9
What is the thousands digit of 2213866?
3
What is the millions digit of 2253128?
2
What is the hundred thousands digit of 682264?
6
What is the units digit of 275059?
9
What is the millions digit of 1446734?
1
What is the millions digit of 2669125?
2
What is the ten thousands digit of 349118?
4
What is the thousands digit of 3358014?
8
What is the hundred thousands digit of 3213147?
2
What is the thousands digit of 4515207?
5
What is the hundreds digit of 198909?
9
What is the hundreds digit of 1933841?
8
What is the ten thousands digit of 4789842?
8
What is the tens digit of 326145?
4
What is the thousands digit of 4654557?
4
What is the units digit of 3212009?
9
What is the thousands digit of 8621751?
1
What is the millions digit of 8681537?
8
What is the units digit of 1605522?
2
What is the ten thousands digit of 74115?
7
What is the ten thousands digit of 1603295?
0
What is the hundreds digit of 2010029?
0
What is the hundreds digit of 910620?
6
What is the tens digit of 132366?
6
What is the hundred thousands digit of 7425439?
4
What is the units digit of 4038965?
5
What is the thousands digit of 2152793?
2
What is the thousands digit of 6602150?
2
What is the hundreds digit of 4452199?
1
What is the thousands digit of 227497?
7
What is the tens digit of 21620810?
1
What is the ten millions digit of 14974464?
1
What is the units digit of 7269296?
6
What is the tens digit of 12629?
2
What is the millions digit of 3253974?
3
What is the hundreds digit of 3927029?
0
What is the ten thousands digit of 373181?
7
What is the hundred thousands digit of 9141317?
1
What is the hundred thousands digit of 2223013?
2
What is the hundreds digit of 1043159?
1
What is the tens digit of 109248?
4
What is the hundred thousands digit of 10520746?
5
What is the units digit of 325120?
0
What is the thousands digit of 17873735?
3
What is the hundreds digit of 5502906?
9
What is the millions digit of 1759634?
1
What is the thousands digit of 7727451?
7
What is the hundreds digit of 14258358?
3
What is the tens digit of 244760?
6
What is the hundreds digit of 3732662?
6
What is the tens digit of 7828027?
2
What is the tens digit of 7968839?
3
What is the tens digit of 12068987?
8
What is the thousands digit of 651249?
1
What is the hundred thousands digit of 106912?
1
What is the ten thousands digit of 280929?
8
What is the ten thousands digit of 5904395?
0
What is the ten thousands digit of 1350673?
5
What is the millions digit of 4246451?
4
What is the ten thousands digit of 12215721?
1
What is the thousands digit of 6375187?
5
What is the tens digit of 934204?
0
What is the ten millions digit of 18649994?
1
What is the tens digit of 902699?
9
What is the millions digit of 1629972?
1
What is the tens digit of 295698?
9
What is the tens digit of 1680135?
3
What is the ten thousands digit of 1251561?
5
What is the hundreds digit of 212093?
0
What is the millions digit of 1242075?
1
What is the hundred thousands digit of 4888851?
8
What is the hundred thousands digit of 620740?
6
What is the hundreds digit of 5645609?
6
What is the tens digit of 921334?
3
What is the thousands digit of 481424?
1
What is the thousands digit of 52634?
2
What is the units digit of 3957303?
3
What is the hundred thousands digit of 602142?
6
What is the thousands digit of 14826769?
6
What is the units digit of 305776?
6
What is the thousands digit of 103813?
3
What is the units digit of 1440203?
3
What is the hundreds digit of 8077064?
0
What is the hundred thousands digit of 155398?
1
What is the ten thousands digit of 6480987?
8
What is the ten thousands digit of 16969627?
6
What is the thousands digit of 41968?
1
What is the tens digit of 637890?
9
What is the millions digit of 3662325?
3
What is the hundreds digit of 31381?
3
What is the millions digit of 9486914?
9
What is the units digit of 6784212?
2
What is the ten thousands digit of 28122242?
2
What is the millions digit of 8472655?
8
What is the hundred thousands digit of 343999?
3
What is the ten thousands digit of 412518?
1
What is the thousands digit of 1693064?
3
What is the hundred thousands digit of 1154750?
1
What is the hundreds digit of 295815?
8
What is the units digit of 2059383?
3
What is the thousands digit of 501297?
1
What is the units digit of 11656548?
8
What is the tens digit of 5497963?
6
What is the millions digit of 3848577?
3
What is the units digit of 3656082?
2
What is the thousands digit of 914271?
4
What is the ten thousands digit of 289840?
8
What is the tens digit of 90031?
3
What is the hundreds digit of 16771696?
6
What is the tens digit of 202806?
0
What is the hundreds digit of 2583157?
1
What is the hundreds digit of 41364026?
0
What is the thousands digit of 187515?
7
What is the thousands digit of 257773?
7
What is the tens digit of 7551743?
4
What is the thousands digit of 21621265?
1
What is the units digit of 5051915?
5
What is the millions digit of 28568954?
8
What is the tens d